ermine d(-7).
136
Let f(i) = i**3 - 69*i - 224. Calculate f(-5).
-4
Let s(x) = -x**3 - 32*x**2 + 61*x + 5. Determine s(2).
-9
Let b(m) = m**2 + 2*m - 126. Calculate b(-12).
-6
Let d(v) = -v**3 + 43*v**2 + 2*v - 47. Calculate d(43).
39
Let t(m) = 31*m + 587. What is t(-17)?
60
Let p(y) = -y**3 + 21*y**2 + 54*y + 27. Calculate p(-2).
11
Let r(t) = 296*t - 2456. Give r(8).
-88
Let v(q) = 401*q - 1218. Give v(3).
-15
Let u(f) = 4*f**2 - 112*f + 62. Calculate u(27).
-46
Let y(x) = -x**3 + 8*x**2 + 4*x + 37. Calculate y(6).
133
Let v(w) = w**3 - 30*w**2 + 29*w - 30. Give v(29).
-30
Let m(r) = -167*r - 327. What is m(-2)?
7
Let l(b) = -4*b**3 + 5*b**2 - b + 1. Determine l(2).
-13
Let d(w) = -2*w**3 + 9*w**2 + 190*w - 22. Calculate d(-8).
58
Let k(l) = -l**2 - 78*l + 574. What is k(7)?
-21
Let v(c) = -2*c**3 + 11*c**2 + 74*c + 141. Calculate v(-3).
72
Let r(b) = -2*b**2 - 24*b - 13. Determine r(-16).
-141
Let b(r) = 5*r**3 - 5*r**2 - 9*r - 5. Calculate b(-1).
-6
Let l(x) = x**3 + 20*x**2 + 38*x - 10. What is l(-18)?
-46
Let u(y) = 4*y**2 - 62*y - 304. Determine u(-4).
8
Let j(f) = 371*f - 402. Give j(4).
1082
Let g(m) = -m**3 + 50*m**2 + 102*m + 32. Determine g(52).
-72
Let b(m) = -218*m - 17. Determine b(0).
-17
Let n(w) = -2*w**3 - 57*w**2 + 32*w + 2. Determine n(-29).
-85
Let d(t) = 4*t**2 - 5*t - 6. What is d(-1)?
3
Let z(j) = -3*j**3 - 10*j**2 + 30*j + 47. What is z(-5)?
22
Let u(d) = -2911*d - 17412. Give u(-6).
54
Let c(k) = 1198*k + 5994. Give c(-5).
4
Let d(b) = -2*b**3 - 13*b**2 - 13*b - 3. What is d(-5)?
-13
Let m(x) = 20*x - 671. Calculate m(33).
-11
Let b(x) = 646*x**3 + 3*x**2 - 19*x + 17. Give b(1).
647
Let w(a) = -4*a**2 - 333*a - 363. What is w(-82)?
47
Let j(u) = u**3 + 2*u**2 + 254*u + 1043. Calculate j(-4).
-5
Let v(b) = 17*b**2 + 595*b + 7. Give v(-35).
7
Let o(x) = -15*x - 357. Determine o(-6).
-267
Let t(s) = -s**2 - 29*s - 196. What is t(-24)?
-76
Let u(l) = -71*l + 3230. What is u(45)?
35
Let k(p) = -p**2 + 80*p + 67. What is k(62)?
1183
Let a(s) = s**3 - 44*s - 20. Give a(7).
15
Let y(s) = 7*s**3 - 50*s**2 + 52*s. What is y(1)?
9
Let z(g) = -209*g + 1471. What is z(7)?
8
Let w(u) = -94*u - 94. Determine w(-2).
94
Let l(n) = -2302*n - 269323. Calculate l(-117).
11
Let a(s) = -311*s**2 - 2496*s - 52. Determine a(-8).
12
Let i(q) = -q**3 + 24*q**2 - 152*q + 246. Give i(15).
-9
Let x(h) = -5*h**3 - 6*h**2 - 5*h + 3. Give x(-1).
7
Let m(t) = t**3 + 42*t**2 - 83*t - 73. What is m(-44)?
-293
Let w(x) = -x**2 - 687*x - 81695. What is w(-153)?
7
Let t(r) = 254*r - 2777. What is t(11)?
17
Let z(x) = 2*x**3 + 142*x**2 + 656*x - 183. Calculate z(-66).
81
Let g(z) = -2607*z - 26076. Calculate g(-10).
-6
Let c(a) = -a**3 + 27*a**2 - 87*a + 912. Determine c(25).
-13
Let j(r) = -7*r**3 - 4*r**2 - 7*r + 10. Give j(-4).
422
Let w(m) = m**3 + 5*m**2 - 10*m + 37. Determine w(-7).
9
Let i(k) = -79*k**3 - 2*k + 1. Determine i(1).
-80
Let k(n) = n**2 + 222*n + 9080. Calculate k(-54).
8
Let u(r) = r**2 - 44*r + 436. Give u(26).
-32
Let p(b) = 2*b**3 + 13*b**2 + 42*b + 9. What is p(-4)?
-79
Let u(k) = -42*k + 192. What is u(4)?
24
Let z(b) = -116*b - 3204. Determine z(-28).
44
Let j(z) = z**2 - 87*z + 956. Give j(71).
-180
Let a(c) = 17*c + 480. Calculate a(-29).
-13
Let t(v) = -v**3 - 27*v**2 - 126*v - 775. What is t(-23)?
7
Let c(p) = -2*p**3 + 7*p**2 - 54*p + 275. Calculate c(7).
-446
Let a(q) = -5*q**2 - 155*q + 6. Determine a(-31).
6
Let q(s) = 6*s**3 - 34*s**2 + 13*s - 6. Calculate q(5).
-41
Let i(b) = -b**2 - 1070*b + 19649. What is i(18)?
65
Let r(j) = -65*j**2 - 166*j + 82. Determine r(-3).
-5
Let r(y) = y**2 + 360*y - 5241. What is r(14)?
-5
Let t(l) = -l**3 + 10*l**2 - 5*l - 34. Give t(9).
2
Let u(f) = -f**2 - 10*f + 64. Determine u(15).
-311
Let h(q) = -8*q - 542. What is h(0)?
-542
Let s(f) = -3136*f + 219520. Give s(70).
0
Let p(u) = u**3 - 61*u**2 + 506*u + 41. Calculate p(10).
1
Let k(t) = 4472*t + 13423. Calculate k(-3).
7
Let d(m) = -11*m**3 + 76*m**2 - 8*m + 114. Determine d(7).
9
Let v(c) = -38*c**2 - 157*c + 3. What is v(4)?
-1233
Let j(x) = -1179*x - 14135. Determine j(-12).
13
Let m(v) = 3*v**2 + 14*v - 80. Give m(-5).
-75
Let u(n) = -59*n - 6. What is u(1)?
-65
Let l(u) = -35*u + 79. Determine l(11).
-306
Let c(j) = -3*j**3 - 20*j**2 + 75. What is c(-6)?
3
Let c(o) = -o**2 - 67*o - 745. Calculate c(-15).
35
Let k(j) = -13*j**2 + 253*j + 53. Determine k(20).
-87
Let j(d) = -d**3 + 14*d**2 + 35*d - 22. Determine j(16).
26
Let z(k) = -1656*k + 8264. What is z(5)?
-16
Let i(m) = m**2 - 2*m - 170. Determine i(12).
-50
Let h(v) = 10*v**3 - 3*v**2 - 6*v - 12. What is h(-3)?
-291
Let j(f) = -2*f**3 + 22*f**2 - 2*f + 6. Calculate j(5).
296
Let x(z) = z**3 - 2*z**2 - 625*z - 23. Determine x(-24).
1
Let y(h) = 3*h**2 + h - 61. What is y(-7)?
79
Let u(m) = -120*m + 744. What is u(6)?
24
Let g(a) = 5*a**2 + 50*a + 78. Give g(-8).
-2
Let j(c) = -c**3 + 92*c**2 - 518*c + 16. Give j(6).
4
Let j(f) = 599*f - 2377. Give j(4).
19
Let c(d) = 44*d - 2332. Give c(53).
0
Let p(a) = 27*a - 448. Calculate p(21).
119
Let l(y) = 224*y + 65620. Give l(-293).
-12
Let c(h) = 3*h**2 - 90*h - 3483. Give c(52).
-51
Let g(j) = j**3 + j**2 - 42*j + 11. Determine g(6).
11
Let s(c) = c**3 + 55*c**2 + 5*c + 210. Give s(-55).
-65
Let y(r) = -49*r**2 - 3189*r - 253. Calculate y(-65).
7
Let r(q) = q**3 - 145*q**2 + 5253*q + 213. What is r(73)?
-6
Let o(j) = j**3 + 17*j**2 + 37*j + 9. What is o(-15)?
-96
Let k(y) = 77*y + 3692. What is k(-48)?
-4
Let r(h) = -2733*h + 30043. What is r(11)?
-20
Let i(d) = -10*d**3 + 191*d**2 - 194*d - 68. Give i(18).
4
Let o(w) = -2*w**3 + 66*w**2 + 140*w + 10. Give o(35).
10
Let p(k) = -k**3 - 6*k**2 - 14*k - 9. Give p(-4).
15
Let d(y) = -y**3 + 60*y + 115. Give d(-2).
3
Let n(o) = o**2 - 19*o - 12. What is n(14)?
-82
Let d(q) = -12*q**2 - 4. Give d(2).
-52
Let w(l) = l**2 - 89*l + 804. What is w(10)?
14
Let j(m) = -12*m**2 + 99*m - 10. Calculate j(7).
95
Let o(u) = u**3 - 27*u**2 + 979*u - 28172. Determine o(28).
24
Let f(i) = i**3 + 36*i**2 + 226*i + 70. What is f(-28)?
14
Let x(p) = 6*p**2 + 305*p + 611. Calculate x(-2).
25
Let c(o) = -o**3 - 3*o**2 - 17*o + 49. What is c(2)?
-5
Let f(q) = 5*q**2 + 16*q - 1. Determine f(-3).
-4
Let n(d) = d**2 + 9*d - 91. Give n(-16).
21
Let l(g) = 2*g**2 - 61*g - 173. What is l(38)?
397
Let w(t) = -2*t**3 + 199*t**2 - 305*t + 1027. Determine w(98).
-51
Let j(l) = -l**2 + 164*l + 13164. Determine j(-59).
7
Let r(u) = 2*u**3 + 7*u**2 + 41*u + 44. Give r(-2).
-26
Let n(h) = 25*h**2 - 132*h + 32. Calculate n(5).
-3
Let g(q) = -32*q + 2554. Calculate g(81).
-38
Let z(m) = -m**2 - 170*m - 4295. Determine z(-31).
14
Let w(g) = -11*g**2 + 41*g - 5. Determine w(5).
-75
Let v(g) = -229*g + 17639. Give v(77).
6
Let l(w) = -1779*w - 7241. Calculate l(-4).
-125
Let y(o) = -312*o + 3181. Give y(10).
61
Let t(k) = -k**2 - 144*k + 37251. Give t(-278).
-1
Let y(o) = o**3 + 94*o**2 - 17*o + 16805. Calculate y(-96).
5
Let v(f) = -233*f + 724. Determine v(3).
25
Let q(i) = 2*i**3 + 10*i**2 - 198*i + 1. Give q(-13).
-129
Let q(p) = -p**2 - 173*p - 5036. Give q(-37).
-4
Let u(k) = -k**2 - 49*k + 1005. Give u(14).
123
Let q(a) = a**2 - 5*a - 83. Determine q(12).
1
Let o(n) = -n**3 + 21*n**2 - 80*n - 17. Give o(15).
133
Let w(m) = -2191*m + 28482. Give w(13).
-1
Let v(j) = -121*j**2 + 484*j - 2. What is v(4)?
-2
Let b(x) = 4*x**2 + 5*x + 17. Give b(5).
142
Let l(k) = -k**3 + 4*k**2 + 64*k - 24. Give l(11).
-167
Let q(n) = n**2 + 110*n + 2054. Determine q(-86).
-10
Let j(u) = -3*u**2 + 14*u - 24. Calculate j(4).
-16
Let d(n) = -n**2 + 6*n - 35. What is d(0)?
-35
Let v(u) = -8677*u - 182223. Determine v(-21).
-6
Let v(l) = -79*l - 5451. What is v(-69)?
0
Let j(g) = -g**2 - 102*g + 4263. What is j(32)?
-25
Let j(h) = -2*h**3 - 6*h**2 + 9*h + 1. Give j(-4).
-3
Let a(g) = g**2 + 23*g - 299. What is a(9)?
-11
Let o(r) = r**3 + 11*r**2 - 1029*r - 133. What is o(-38)?
-19
Let c(z) = -348*z + 2786. Determine c(8).
2
Let v(a) = 3*a**2 - 33*a + 112. Determine v(11).
112
Let a(z) = -32*z + 9. What is a(3)?
-87
Let q(w) = 64*w - 2032. Give q(32).
16
Let f(g) = g**3 + 6*g**2 - 66*g + 38. Calculate f(-12).
-34
Let p(x) = -x**2 - 2*x + 24. Give p(10).
-96
Let r(a) = 3*a**2 - 29*a - 915. Determine r(23).
5
Let h(s) = -s**3 - 497*s**2